hat is the units digit of 955749?
9
What is the units digit of 766469?
9
What is the millions digit of 1560000?
1
What is the thousands digit of 978707?
8
What is the tens digit of 73175?
7
What is the thousands digit of 619187?
9
What is the ten thousands digit of 9137680?
3
What is the units digit of 325105?
5
What is the hundreds digit of 339629?
6
What is the hundreds digit of 7544889?
8
What is the hundreds digit of 403863?
8
What is the hundred thousands digit of 302050?
3
What is the tens digit of 667202?
0
What is the units digit of 8521196?
6
What is the ten thousands digit of 110534?
1
What is the ten thousands digit of 2284055?
8
What is the ten thousands digit of 479998?
7
What is the hundreds digit of 2067060?
0
What is the hundred thousands digit of 246710?
2
What is the hundred thousands digit of 869596?
8
What is the millions digit of 1160498?
1
What is the units digit of 224918?
8
What is the thousands digit of 5125435?
5
What is the tens digit of 756080?
8
What is the hundreds digit of 158875?
8
What is the thousands digit of 173242?
3
What is the units digit of 347231?
1
What is the hundreds digit of 653778?
7
What is the thousands digit of 16509057?
9
What is the ten thousands digit of 228335?
2
What is the millions digit of 36336650?
6
What is the hundred thousands digit of 1759472?
7
What is the millions digit of 5569128?
5
What is the hundreds digit of 1551775?
7
What is the hundred thousands digit of 1714663?
7
What is the thousands digit of 277663?
7
What is the hundred thousands digit of 404656?
4
What is the tens digit of 24907?
0
What is the units digit of 6425315?
5
What is the hundred thousands digit of 268251?
2
What is the thousands digit of 84638?
4
What is the thousands digit of 5016497?
6
What is the hundreds digit of 20830036?
0
What is the tens digit of 225224?
2
What is the hundreds digit of 486336?
3
What is the thousands digit of 4820917?
0
What is the millions digit of 4176087?
4
What is the tens digit of 122964?
6
What is the ten millions digit of 43510052?
4
What is the hundreds digit of 5522505?
5
What is the units digit of 24882098?
8
What is the units digit of 13675323?
3
What is the millions digit of 4050073?
4
What is the hundreds digit of 1398591?
5
What is the hundred thousands digit of 4173270?
1
What is the hundred thousands digit of 2604294?
6
What is the hundreds digit of 29384394?
3
What is the ten thousands digit of 1004709?
0
What is the thousands digit of 13903?
3
What is the units digit of 411813?
3
What is the ten thousands digit of 316020?
1
What is the units digit of 262515?
5
What is the millions digit of 4694538?
4
What is the thousands digit of 8692876?
2
What is the millions digit of 6134065?
6
What is the thousands digit of 246625?
6
What is the tens digit of 7480?
8
What is the ten thousands digit of 127357?
2
What is the tens digit of 15545698?
9
What is the tens digit of 857163?
6
What is the millions digit of 2106227?
2
What is the units digit of 386007?
7
What is the hundred thousands digit of 30136713?
1
What is the millions digit of 24333743?
4
What is the hundreds digit of 58491?
4
What is the units digit of 13819233?
3
What is the ten thousands digit of 140228?
4
What is the ten thousands digit of 2484767?
8
What is the units digit of 482309?
9
What is the hundreds digit of 645982?
9
What is the ten thousands digit of 1333703?
3
What is the units digit of 35868118?
8
What is the hundreds digit of 267037?
0
What is the thousands digit of 54264?
4
What is the ten thousands digit of 101844?
0
What is the units digit of 11620712?
2
What is the tens digit of 2140307?
0
What is the thousands digit of 701604?
1
What is the units digit of 1070159?
9
What is the millions digit of 2862994?
2
What is the millions digit of 1274029?
1
What is the units digit of 287079?
9
What is the hundred thousands digit of 103942?
1
What is the hundred thousands digit of 387705?
3
What is the millions digit of 4238067?
4
What is the ten millions digit of 22787388?
2
What is the hundreds digit of 117416?
4
What is the ten thousands digit of 218988?
1
What is the tens digit of 77236?
3
What is the ten thousands digit of 272081?
7
What is the tens digit of 1305329?
2
What is the hundreds digit of 8089435?
4
What is the thousands digit of 707391?
7
What is the hundred thousands digit of 127156?
1
What is the thousands digit of 1340970?
0
What is the millions digit of 1035661?
1
What is the hundreds digit of 27300?
3
What is the hundreds digit of 3092241?
2
What is the thousands digit of 20723903?
3
What is the hundred thousands digit of 566243?
5
What is the units digit of 11613652?
2
What is the tens digit of 3092967?
6
What is the hundred thousands digit of 11142970?
1
What is the tens digit of 6869668?
6
What is the hundreds digit of 1517172?
1
What is the thousands digit of 1614352?
4
What is the ten thousands digit of 1383253?
8
What is the ten thousands digit of 184706?
8
What is the hundred thousands digit of 2311002?
3
What is the millions digit of 5923307?
5
What is the ten thousands digit of 576576?
7
What is the tens digit of 1632866?
6
What is the thousands digit of 402864?
2
What is the units digit of 428206?
6
What is the thousands digit of 672298?
2
What is the hundreds digit of 2736684?
6
What is the thousands digit of 12151168?
1
What is the hundred thousands digit of 2168215?
1
What is the millions digit of 1589979?
1
What is the units digit of 311238?
8
What is the ten thousands digit of 29971?
2
What is the ten thousands digit of 954742?
5
What is the tens digit of 475306?
0
What is the tens digit of 241128?
2
What is the thousands digit of 679910?
9
What is the units digit of 110376?
6
What is the tens digit of 422025?
2
What is the tens digit of 1242887?
8
What is the tens digit of 2925072?
7
What is the thousands digit of 30905?
0
What is the thousands digit of 25303505?
3
What is the millions digit of 3897571?
3
What is the tens digit of 977996?
9
What is the tens digit of 28015?
1
What is the ten thousands digit of 707423?
0
What is the ten thousands digit of 2508821?
0
What is the units digit of 77222?
2
What is the hundreds digit of 429119?
1
What is the units digit of 14909?
9
What is the ten thousands digit of 2481138?
8
What is the ten thousands digit of 1564376?
6
What is the thousands digit of 4657149?
7
What is the ten thousands digit of 119589?
1
What is the thousands digit of 11929462?
9
What is the millions digit of 1330158?
1
What is the units digit of 228635?
5
What is the tens digit of 226958?
5
What is the tens digit of 11810575?
7
What is the hundreds digit of 140493?
4
What is the thousands digit of 274431?
4
What is the hundreds digit of 256232?
2
What is the ten thousands digit of 51487?
5
What is the ten thousands digit of 969376?
6
What is the millions digit of 3132526?
3
What is the hundred thousands digit of 1949573?
9
What is the units digit of 5109824?
4
What is the units digit of 2557865?
5
What is the ten thousands digit of 2740351?
4
What is the thousands digit of 1395782?
5
What is the hundred thousands digit of 10673541?
6
What is the ten thousands digit of 227091?
2
What is the hundred thousands digit of 145734?
1
What is the ten thousands digit of 231973?
3
What is the ten thousands digit of 203940?
0
What is the tens digit of 754890?
9
What is the hundred thousands digit of 140938?
1
What is the tens digit of 1929080?
8
What is the hundreds digit of 1317728?
7
What is the tens digit of 15524829?
2
What is the ten thousands digit of 600425?
0
What is the ten thousands digit of 1070048?
7
What is the ten thousands digit of 6732950?
3
What is the tens digit of 1871021?
2
What is the hundred thousands digit of 30320298?
3
What is the millions digit of 35500151?
5
What is the units digit of 555559?
9
What is the ten thousands digit of 221710?
2
What is the units digit of 3442067?
7
What is the millions digit of 1296247?
1
What is the hundred thousands digit of 16431647?
4
What is the tens digit of 26329535?
3
What is the units digit of 1276811?
1
What is the hundreds digit of 4641193?
1
What is the tens digit of 510746?
4
What is the thousands digit of 344291?
4
What is the hundreds digit of 7257810?
8
What is the ten thousands digit of 21320